70372, -2*w = 4*m - 140720. What are the prime factors of m?
2, 7, 359
Suppose -30*d = -31*d + 14. Suppose -14*l = d*l - 12012. What are the prime factors of l?
3, 11, 13
Suppose 2 = -x + 15. Let h(f) = -4*f**2 + 43*f + 63. Let g(l) = -2*l**2 + 22*l + 31. Let k(b) = x*g(b) - 6*h(b). What are the prime factors of k(13)?
3, 17
Let y(w) = 3*w**3 - 22*w**2 + 15*w - 64. What are the prime factors of y(19)?
2, 1607
Suppose 5*l - 34 = 1. Suppose -3*w + 2 = -l. Suppose 6*z - 48 = w*z. What are the prime factors of z?
2
Suppose -47*v + 48*v - 8441 = -3*p, -2*v - p + 16842 = 0. What are the prime factors of v?
19, 443
Suppose -29 = -3*u - 5. Let f = -12 + u. What are the prime factors of 69 + (f - -6) + 0?
71
What are the prime factors of 126/(-1 - (-552)/546)?
2, 3, 7, 13
Let w(o) = 82*o - 59. Let r(j) = 2*j**3 + 13*j**2 + 6*j + 7. Let s be r(-6). What are the prime factors of w(s)?
5, 103
Suppose -36*z + 19794 = 4*t - 38*z, -4*z - 24741 = -5*t. What are the prime factors of t?
7, 101
Suppose 56*r - 59*r = -243. Suppose 3*w - 2*w = 2. Suppose -r = -w*y - 23. List the prime factors of y.
29
What are the prime factors of (-32241)/6*(11/(44/16) - 6)?
11, 977
Let c be (-21)/(-14)*-14 - 0/(-2). Let p be (-56)/c + (-4)/6. List the prime factors of 4 + p*86/4.
47
Let g(o) = o**3 + 15*o**2 + 11*o + 35. Suppose 0 = 5*d + 5*i + 70, -4*d + 2*d - 30 = 4*i. What are the prime factors of g(d)?
2, 5, 23
Suppose 4*d = -81 - 731. Let h = d - -260. List the prime factors of h.
3, 19
Suppose 0 = 1643*x - 1774*x + 4982585. What are the prime factors of x?
5, 7607
Let w(o) = o**3 - 12*o**2 - 326*o - 906. What are the prime factors of w(41)?
23, 1499
Suppose -1589 = 10*m + 9521. Let f = m + 1696. List the prime factors of f.
3, 5, 13
Let f(c) be the second derivative of -c**4/12 - c**3 - c**2/2 - 4*c. Let h be f(-3). Let q = 10 - h. List the prime factors of q.
2
Suppose 5*a + 27 = 2*s, -23 = 6*s - 9*s + 4*a. Suppose -i - 3 = -s, -3*v = -5*i - 793. List the prime factors of v.
3, 29
Let p be 31038/22 - 4/(-22). Suppose 10273 = 14*v + p. What are the prime factors of v?
3, 211
What are the prime factors of (1906385/(-1807))/(1/2*-1)?
2, 5, 211
Suppose -7199*m + 7196*m = 4*v - 244997, 3*v - 5*m = 183813. What are the prime factors of v?
2, 13, 19, 31
Suppose 15 = 5*n, 145 = 2*q - 2*n - 585. Let d = -608 - -611. Suppose -3*t - 2*m = -261, t + d*t - 4*m - q = 0. What are the prime factors of t?
89
Let v = -32 - -34. Let f = -4 + v. List the prime factors of (-2)/f*(2 - -7).
3
Let a(p) = 4*p**3 + 2*p**2 - 8. Let b(u) = u**3 + 40*u**2 + 36*u - 110. Let k be b(-39). What are the prime factors of a(k)?
2, 17, 43
Let i = 44 - 40. Suppose -15*f + 12*f - 3*s = -1617, -i*f + 2174 = -2*s. What are the prime factors of f?
2, 271
Let s(q) = 30*q**3 - q**2 + 16*q - 16. Let b be s(1). Suppose -5*z = -3*w + 759, 31*z = b*z - 6. List the prime factors of w.
2, 31
Let w = 1821 - 1263. Suppose -6*g + w = -3*g. Suppose -4*m + 368 = 4*j, 0*m - 2*m - 3*j + g = 0. What are the prime factors of m?
2, 3, 5
Let o(g) = -8*g + 3. Let r(j) = -7*j - 10. Let u be r(-6). Let i = u + -37. What are the prime factors of o(i)?
43
Let o(x) = x**2 - 11*x + 7. Let b be o(4). Let u be 2 + 2*b/3. What are the prime factors of -39*(-2)/u*-2*3?
3, 13
Let m(v) = -372*v + 515. List the prime factors of m(-22).
8699
Let k(w) = w**3 - 8*w**2 + 8*w + 4. Let i be k(6). Let v = 1769 + i. List the prime factors of v.
3, 11, 53
Let i be (0 - (3 - 4)) + 228/1. Let t = i - 6. List the prime factors of t.
223
Let d = 16067 - 5418. What are the prime factors of d?
23, 463
Suppose 5*j - 3*u - 185981 + 41801 = 0, -2*u - 2*u = 0. What are the prime factors of j?
2, 3, 89
Suppose 25 = 4*b - l, 4*b - l = l + 30. Suppose 11 - 41 = -b*g. Suppose 0 = 3*h + 3*r + g, 26 + 6 = 4*h - 4*r. List the prime factors of h.
3
Let o(n) = 3*n**3 - 56*n**2 - n + 75163. List the prime factors of o(0).
11, 6833
Suppose 4*f - 3656 = -1400. Let c = -190 + f. List the prime factors of c.
2, 11, 17
Suppose -2 = -3*u - i, -5*u - 6*i = -2*i + 6. Let o(b) = 359*b - 26. List the prime factors of o(u).
2, 173
Suppose p - 3 = -d, -p = 3*p - 4*d - 12. Let g(h) = p + 21*h - 55*h + 28*h - h**3 - 20*h**2 + 26*h. What are the prime factors of g(-21)?
2, 3
Let y(r) = r**2 - 28*r + 162. Let o be y(7). Suppose 0 = 5*f + o, -1551 = -3*x - 5*f + 9*f. What are the prime factors of x?
3, 19
Let i(f) = f**2 + 4*f - 117. Let w be i(9). Suppose -324 = -13*d + 9*d + 5*r, w = 2*d - r - 162. What are the prime factors of d?
3
Suppose 4*k + 2*f - 5*f + 16 = 0, -3*k + f - 12 = 0. Let i = k + 8. List the prime factors of (-195)/(-10)*i/6.
13
Suppose i + 16271 = 12*t - 11*t, 3*t - 48807 = 2*i. What are the prime factors of t?
5, 3253
Let k(o) = -12*o**2 + 5*o + 4. Suppose -4*x - 2*n - 6 = 0, 3*x + n = -2 - 2. Let f be k(x). What are the prime factors of (186/(-4))/1*(f + 11)?
3, 31
Suppose 0 = 2*i + 3*v - 83251, 6*i - 2*v + 41623 = 7*i. What are the prime factors of i?
17, 31, 79
Let b(h) = 91*h + 7. Let m = 81 + -84. Let d(p) = 92*p + 6. Let n(t) = m*d(t) + 2*b(t). List the prime factors of n(-1).
2, 3, 5
List the prime factors of (-2 + -120843)*17/(1190/(-42)).
3, 24169
Let z(q) = 7*q**3 - 62*q**2 - 11*q + 15. What are the prime factors of z(19)?
3, 61, 139
Suppose t - 4*t = -6. Suppose 0 = -4*k + k, -s + t = 2*k. Suppose 0 = s*l - 33 - 85. What are the prime factors of l?
59
Suppose 50 + 268 = -6*i. Let r = i - -377. List the prime factors of r.
2, 3
Suppose 4*a = -a + 8*a - 40962. List the prime factors of a.
2, 6827
Suppose -5*g = -3*d - 6*g + 19, 4*g = -3*d + 31. Suppose -2*m + 95 = -0*r + d*r, 5*m + 19 = r. What are the prime factors of r?
19
What are the prime factors of (-390978)/(-135) + 6/(-45)?
2, 181
Let z(r) = 43*r**2 + 16*r + 23. Let f = 160 - 165. List the prime factors of z(f).
2, 509
Suppose -4*v + 12 = -76. Suppose -11*r + v*r = 55. Suppose -3*k + 5*c + 342 = 0, r*k - c = c + 570. What are the prime factors of k?
2, 3, 19
Let h = -457 + 471. Let d(i) = 4*i**2 + 44*i + 13. List the prime factors of d(h).
3, 157
Suppose -51*q + 761177 + 328438 = 0. What are the prime factors of q?
5, 4273
Let m(v) = v**2 - 18*v + 34. Let b be m(16). Suppose 1027 - 3283 = -b*h. List the prime factors of h.
2, 3, 47
Suppose 6*b - 11*b - j + 21 = 0, 3 = 3*j. What are the prime factors of 1054*1/b + (-18)/12?
2, 131
Suppose -3*f - 3*c + 1 = -4*f, 2*c - 3 = 3*f. List the prime factors of (545/5)/((-1 - 0)*f).
109
Let u = 11 + -7. Let w be 2*(u + -2) + 278. Suppose 2*h = -h + w. List the prime factors of h.
2, 47
Let o be ((-6)/4 - 0)*376/12. Let h be (o/(-2))/(2/4). Suppose -5*c + 2*w = -549, c + 5*w = h + 79. What are the prime factors of c?
3, 37
Suppose 9*w - 91 = -4*w. List the prime factors of (1*558/w)/((-3)/(-14)).
2, 3, 31
Let j be ((-8)/(-3))/(8/48). Suppose 4*w - 170 = -4*k + 2*k, 53 = w - 3*k. List the prime factors of -5 + 4*w/j.
2, 3
List the prime factors of (0 + 58)*705/(-10)*14/(-6).
7, 29, 47
Let q = 38219 - 6874. What are the prime factors of q?
5, 6269
Suppose h = -4, 3*h - h = -2*r + 4. Let v(c) = -21*c**3 + c**2 - 3*c + 14. Let n be v(r). What are the prime factors of 6/(-8) + n/(-32)?
2, 5, 7
Suppose 513 - 753 = -40*y. Let n(l) = 26*l**2 - 46*l + 26. Let b(s) = -5*s**2 + 9*s - 5. Let m(q) = -11*b(q) - 2*n(q). What are the prime factors of m(y)?
3, 23
Suppose 12 = -3*d, 0 = 4*f - 9*f - 5*d + 630. Let g = 269 - f. Suppose 5*j - 2*k = g, 0 = -5*j + 3*k + k + 133. What are the prime factors of j?
29
Suppose 0 = 2*m + 178 - 202. List the prime factors of (2799/m)/(3/4).
311
Let f(w) = 65*w - 107 - 98 + 65*w - 29*w + 38. List the prime factors of f(14).
29, 43
Let m = 56722 + -32086. List the prime factors of m.
2, 3, 2053
Let f(k) = 36 - 90 + 26 - 24*k - 21*k**2 + 2*k**3 - k**3. Let p be f(22). Let v = -34 - p. What are the prime factors of v?
2, 19
Let i = -18167 + 26995. What are the prime factors of i?
2, 2207
Let a(b) = -5*b**3 - 24*b**2 - 110*b + 196. What are the prime factors of a(-20)?
2, 3, 911
Let h(d) = -d**3 + 37*d**2 + 55*d + 122. What are the prime factors of h(26)?
2, 3, 7, 107
Let k = -996 - -999. List the prime factors of (-158 - 0)/((-34)/51)*k.
3, 79
Let f be (-25)/(-2 - 3) - 5. Suppose 2*o - 4*u + 3*u - 1434 = f, -5*o - 5*u + 3555 = 0. What are the 